136*c - 18355. Calculate p(-135).
5
Let p(z) = 15*z**2 - 2401*z + 2535. Determine p(159).
-9
Let i(n) = 2*n**3 - 22*n**2 + 12*n + 24. Determine i(10).
-56
Let o(p) = -p**3 + 34*p**2 - 284*p - 85. What is o(18)?
-13
Let l(o) = 864*o - 25924. What is l(30)?
-4
Let s(i) = 7*i**3 - 105*i**2 - 236*i - 26. Give s(17).
8
Let n(x) = 2*x**2 - 145*x - 144. What is n(-1)?
3
Let t(a) = 15*a + 28. Give t(12).
208
Let v(j) = -j**3 - 4*j**2 + 57*j - 24. Give v(-10).
6
Let v(c) = -2*c**2 + 62*c + 207. Give v(-3).
3
Let y(l) = 2*l**2 - 29*l + 95. Give y(4).
11
Let z(j) = j**3 - 6*j**2 + 5*j - 182. Determine z(8).
-14
Let r(y) = -22*y**2 - 114*y - 115. Determine r(-1).
-23
Let l(v) = v**3 - 17*v + 1. What is l(-4)?
5
Let f(z) = z**3 - z**2 - 463*z + 15. Calculate f(22).
-7
Let f(m) = -m**3 - 19*m**2 + 12*m - 76. What is f(-20)?
84
Let i(j) = -24*j + 523. Calculate i(-19).
979
Let g(i) = 18*i**2 - 356*i - 91. Give g(20).
-11
Let c(f) = 3*f**3 + 14*f**2 + 53*f + 8. What is c(-5)?
-282
Let o(k) = 8253*k - 198067. Calculate o(24).
5
Let h(y) = -2*y**2 - 50*y + 124. Calculate h(-27).
16
Let x(y) = y**3 + 49*y**2 + 44*y + 61. Determine x(-48).
253
Let w(a) = -131*a + 3337. What is w(26)?
-69
Let f(v) = -2*v**3 - 10*v**2 - 2*v - 1. Give f(-5).
9
Let i(n) = n**3 - 3*n**2 - 194*n - 859. What is i(-8)?
-11
Let j(c) = -42*c + 206. Give j(9).
-172
Let y(w) = 4*w - 70. Determine y(2).
-62
Let r(j) = -j**2 + 798*j + 6443. What is r(-8)?
-5
Let l(p) = -p**3 + 3*p**2 + 146*p - 81. Determine l(-11).
7
Let n(k) = -538*k - 1070. Give n(-2).
6
Let n(d) = d**2 + 4*d - 174. What is n(-15)?
-9
Let i(w) = 6*w + 106. Give i(-19).
-8
Let t(n) = -n**3 + 20*n**2 - 95*n - 3. Calculate t(8).
5
Let d(i) = i**2 + 53*i + 347. What is d(-7)?
25
Let l(q) = q**2 + 5730*q - 40152. Calculate l(7).
7
Let v(r) = 2114*r + 16922. Give v(-8).
10
Let u(i) = -6*i - 215. What is u(-36)?
1
Let q(x) = -26*x - 284. Determine q(-10).
-24
Let x(g) = 175*g + 9465. Calculate x(-54).
15
Let r(s) = 8*s - 988. Calculate r(124).
4
Let i(h) = -7*h**2 - 62*h + 271. What is i(-12)?
7
Let r(k) = 44*k**2 - 53*k + 3. Determine r(2).
73
Let q(f) = f**3 - 25*f**2 + 159*f - 109. What is q(13)?
-70
Let j(r) = -36*r - 25. Give j(4).
-169
Let i(h) = -h**3 + 5*h**2 + 8*h + 109. Give i(9).
-143
Let y(r) = r**3 + 39*r**2 - 53*r - 366. Give y(-40).
154
Let b(p) = 6*p**3 + 25*p**2 + 166*p + 650. Calculate b(-4).
2
Let p(l) = -2*l**3 + 112*l**2 - 510*l + 12. Give p(5).
12
Let i(w) = -w**2 + 414*w + 6514. Calculate i(-16).
-366
Let h(t) = -2*t**2 + 332*t - 13707. Give h(76).
-27
Let n(t) = -t**2 + 18*t - 150. What is n(0)?
-150
Let h(i) = -i**3 + 45*i**2 - 95*i + 368. What is h(43)?
-19
Let f(k) = -15*k**2 + 475*k + 118. Calculate f(32).
-42
Let v(w) = -4*w**2 - 59*w - 3. Calculate v(-19).
-326
Let w(j) = j**3 + 9*j**2 - 26*j - 211. Give w(-10).
-51
Let j(w) = w**2 + 1116*w + 5545. Calculate j(-5).
-10
Let k(q) = -q**3 - 9*q**2 - 371*q - 2126. Calculate k(-6).
-8
Let j(o) = 2*o**3 + 29*o**2 - 48*o + 39. Give j(-16).
39
Let i(w) = 126*w - 1. Give i(-1).
-127
Let v(m) = 65*m + 2895. Calculate v(-45).
-30
Let t(g) = -g**2 - 2*g + 219. Determine t(14).
-5
Let f(w) = w**3 - 13*w**2 - w + 17. Determine f(11).
-236
Let c(u) = 7*u + 132. Give c(11).
209
Let l(z) = 5*z**2 + 98*z - 660. Calculate l(-24).
-132
Let s(g) = g**3 - 14*g**2 + 42*g - 53. Give s(11).
46
Let n(o) = 53*o - 1794. Calculate n(34).
8
Let a(h) = 3*h**2 + 81*h - 461. Calculate a(-32).
19
Let h(b) = 2*b**2 - 338*b - 2890. Calculate h(-8).
-58
Let g(a) = -a**3 + 45*a**2 + 189*a - 4462. Calculate g(47).
3
Let b(y) = -y**3 - 116*y**2 + 127*y + 985. What is b(-117)?
-185
Let q(k) = -2*k**3 + 46*k**2 - 51*k + 93. Give q(22).
-61
Let c(z) = z**3 + 11*z**2 - 37*z - 17. Give c(-14).
-87
Let d(h) = -h**2 - 56*h - 321. Determine d(-7).
22
Let p(g) = -g**3 - 135*g**2 + 279*g + 724. What is p(-137)?
39
Let n(g) = -g**3 + 12*g**2 + 13*g + 21. Determine n(12).
177
Let m(r) = 310*r - 1004. Determine m(3).
-74
Let r(f) = 367*f - 456. What is r(2)?
278
Let u(y) = -29*y - 5111. Give u(-173).
-94
Let s(u) = u**2 + 153*u + 1203. What is s(-8)?
43
Let o(y) = -2*y**3 + 115*y**2 - 61*y. Calculate o(57).
-228
Let k(z) = z**3 - 49*z**2 + 59*z - 489. What is k(48)?
39
Let d(y) = y**3 + 33*y**2 - 316*y + 486. Calculate d(-41).
-6
Let h(c) = 26*c + 78. What is h(-3)?
0
Let j(x) = 10*x**2 + 296. Determine j(0).
296
Let v(y) = -y**3 - 9*y**2 + 5*y + 33. Give v(-9).
-12
Let n(r) = -3*r**2 - 93*r - 221. What is n(-28)?
31
Let w(g) = g**3 + 303*g**2 - 921*g - 909. What is w(-306)?
9
Let o(f) = -193*f + 208. Calculate o(1).
15
Let r(u) = -u**3 - 5*u**2 - 27*u - 117. Calculate r(-5).
18
Let c(t) = t**3 + 20*t**2 + 37*t + 44. Give c(-18).
26
Let u(w) = 4*w**3 - 36*w**2 + 4*w - 21. Determine u(9).
15
Let y(j) = -24*j + 237. Determine y(10).
-3
Let i(q) = 11*q**3 + 4*q**2 - 6*q - 8. What is i(3)?
307
Let q(p) = -p**2 - 51*p + 597. Calculate q(10).
-13
Let j(x) = -9*x**3 + 4*x**2 - 5*x + 2. Give j(1).
-8
Let k(l) = -2*l**3 + 102*l**2 + 563*l - 140. Determine k(56).
28
Let x(u) = -2*u**2 - 553*u + 3980. Give x(7).
11
Let c(h) = -h**3 + 11*h**2 - 19*h + 13. Give c(9).
4
Let z(l) = -13*l**2 - 57*l - 60. What is z(-1)?
-16
Let f(x) = -37*x - 456. Determine f(-13).
25
Let b(g) = 348*g - 8274. Calculate b(24).
78
Let h(p) = -1188*p + 8321. Give h(7).
5
Let g(o) = -2*o**3 + 63*o**2 - 96*o + 176. Calculate g(30).
-4
Let x(n) = 28*n**2 + 9*n - 2. What is x(1)?
35
Let o(p) = -15*p - 641. What is o(-43)?
4
Let b(f) = -130*f**2 - 3*f + 10. Give b(2).
-516
Let q(j) = -7*j + 713. Give q(41).
426
Let b(z) = 44*z + 2283. Give b(-52).
-5
Let v(n) = 21*n**2 - 88*n + 6. What is v(4)?
-10
Let x(h) = 7*h**3 - 3*h**2 + 197*h + 199. Calculate x(-1).
-8
Let w(f) = 18*f**2 - 72*f - 146. Determine w(-2).
70
Let k(v) = -v**3 + 66*v**2 + 47*v + 1313. Calculate k(67).
-27
Let w(y) = -751*y - 5273. What is w(-7)?
-16
Let m(i) = -i**2 + 88*i + 3825. Give m(-32).
-15
Let f(g) = 7*g**3 - 2*g**2 - 26*g - 18. Calculate f(4).
294
Let l(y) = 25*y - 2443. Determine l(99).
32
Let b(y) = 35*y**2 - 105*y - 16. Calculate b(-3).
614
Let y(n) = n**3 + 97*n**2 - 79*n + 1865. What is y(-98)?
3
Let q(o) = -o**3 + 53*o**2 - 54*o + 58. Determine q(52).
-46
Let s(h) = -51*h**2 + 192*h + 43. What is s(4)?
-5
Let z(k) = -5*k - 53. What is z(4)?
-73
Let n(f) = 18*f + 647. Calculate n(-34).
35
Let b(z) = -2*z**2 - 16*z + 147. What is b(7)?
-63
Let i(v) = 6*v**2 + 12*v - 47. Give i(-6).
97
Let m(o) = -o**3 + 29*o**2 - 23*o - 132. Determine m(28).
8
Let m(g) = g**2 - 11*g + 145. Give m(16).
225
Let i(b) = -b**3 + 19*b**2 - 32*b - 50. Calculate i(17).
-16
Let f(p) = 23*p + 109. Give f(-5).
-6
Let n(r) = -2*r**2 + 84*r - 701. What is n(41)?
-619
Let b(y) = y**3 + 26*y**2 - 192*y + 84. Calculate b(-32).
84
Let p(b) = -b**2 - 96*b - 269. Give p(-90).
271
Let l(b) = -74*b - 924. Determine l(-13).
38
Let h(f) = 290*f + 13. Calculate h(1).
303
Let b(m) = 3*m**2 + 6*m - 124. Calculate b(-12).
236
Let v(f) = 3*f**3 - 115*f**2 - 296*f + 12707. Calculate v(38).
15
Let u(h) = -27478*h + 137393. Calculate u(5).
3
Let p(n) = 1269*n + 39331. Determine p(-31).
-8
Let s(p) = -6494*p - 38965. Give s(-6).
-1
Let m(x) = 4*x**2 + 74*x - 170. What is m(-21)?
40
Let t(u) = 35*u + 820. Give t(-23).
15
Let b(j) = 3*j**2 - 29*j + 147. Determine b(10).
157
Let i(r) = -2*r**2 + 66*r + 521. Determine i(39).
53
Let x(z) = -z**3 + 39*z**2 - 297*z - 311. Give x(28).
-3
Let z(l) = -2*l**2 - 334*l - 9234. Calculate z(-35).
6
Let m(b) = 325*b + 1634. Determine m(-5).
9
Let x(u) = -u**2 - 335*u + 2070. Calculate x(6).
24
Let v(w) = w**2 - 31*w + 109. Determine v(25).
-41
Let b(l) = 2*l**2 - 38*l + 135. What is b(15)?
15
Let x(n) = n**2 - 172*n - 2016. Calculate x(-11).
-3
Let m(o) = -7*o**2 + 158*o + 92. Give m(23).
23
Let h(v) = -1461*v - 5842. Give h(-4).
2
Let g(h) = 4*h**3 + 27*h**2 + 23*h - 7. Determine g(-4).
77
Let u(m) = 31*m - 583. What is u(21)?
68
Let m(z) = 40*z**2 - 231*z + 1. What is m(6)?
55
Let d(l) = l**3 + l**2 - 25*l - 385. Give d(8).
-9
Let k(o) = 9*o**2 - 41*o + 264. Give k(8).
512
Let d(b) = 765*b + 39787. What is d(-52)?
7
Let k(z) = -z**2 - 4*z + 12. What is k(-7)?
-9
Let x(b) = -b**2 - 11*b + 491. Calculate x(18).
-31
Let a(u) = -39*u**3 - 4*u**2 + 2*u + 6. Calculate a(-1).
39